-5*l = -2*c + j, 4*c + 5*l - 1248 = -200. What is the tens digit of c?
6
Let z(k) = -k**2 + 5*k + 4. Let f be z(6). Let q(d) = 2*d - 20. Let g be q(14). What is the units digit of f/g - 29/(-4)?
7
Suppose 8*i + 2*o = 3*i + 1119, 4*o + 237 = i. What is the tens digit of i?
2
Let x = -1 - -1. Suppose -4 = -2*b + 2*r, 4*b - 4*r + 2 = 2*b. Suppose 31 = 3*m + 4*z, -2*m - b*z + 23 = -x*z. What is the units digit of m?
9
Let j be 6*(-1 + 0 + 2). Let r be 892/36 - j/(-27). Suppose -w + 118 = 4*k, 0*k = k - 2*w - r. What is the units digit of k?
9
Let a = 3872 + -2762. What is the tens digit of a?
1
Let m(y) = -4*y - 6. Let u be m(-2). Suppose 0 = -6*f + u*f. Suppose 120 = 4*q - f*q. What is the tens digit of q?
3
Let m be (1/(-3) - 1) + (-65)/(-15). Suppose 2*y = 5*n - 288, -2*y + 202 - 42 = m*n. What is the units digit of n?
6
Let d = 32 + -3. Suppose y - 19 = -3*c, 5*c + 3*y + 0*y - d = 0. What is the units digit of 23/c - 6/21?
3
Suppose 21147 - 151767 = -28*h. What is the tens digit of h?
6
Let o(b) = 7*b**2 - 6*b + 6. Suppose -4*f - 18 = -5*w, -3 = 3*w - 3*f - 12. Let d be w/(-15) + (-17)/(-5). What is the units digit of o(d)?
1
Let l(t) = -t**3 + 51*t**2 + 7*t - 227. What is the thousands digit of l(50)?
2
Let a(l) = -l**3 - 7*l**2 + l + 1. Suppose -46 + 11 = 5*i. Let q be a(i). Let b(u) = u**2 + 7*u + 8. What is the units digit of b(q)?
2
Suppose -70*z = -76000 - 23470. What is the tens digit of z?
2
What is the tens digit of 2727/36 + (-12)/16?
7
Let z(r) = -7 - 5*r**2 - 8 - 2*r**2 - r**3 + 0*r**3 - 7*r. What is the tens digit of z(-7)?
3
Suppose -76*c + 80*c = 2708. What is the tens digit of c?
7
Let k = 165 + 44. What is the hundreds digit of k?
2
Let l(s) = 2*s**3 - s**2 - 6*s + 4. Let k be l(2). Suppose -299 = -3*d + k*t, 4*d = -t + 3*t + 412. What is the tens digit of d?
0
Suppose -4*x + 16 = 3*h, 2*h + h - 5*x + 20 = 0. Suppose -4*o - 3 = -5*o. Suppose 39 = o*q - h*q. What is the units digit of q?
3
Suppose -7 = -4*p + 5. Suppose -3*v - 63 = -p*z, 3*z = -0*z - 2*v + 43. What is the tens digit of z?
1
Suppose 5*o = -6*a + 2*a + 644, -3*a = 2*o - 252. What is the tens digit of o?
3
Let l = -36 + 41. Suppose 2*k + i + 21 = 196, l*k = 3*i + 454. What is the units digit of k?
9
Let i(t) = -t**3 + 10*t**2 + 10*t + 15. Let a be i(11). What is the tens digit of 3/(-2) + 62/a?
1
Suppose x + 4 = 5*l - 19, 3*l = 5*x + 5. Suppose 2*v - x = v. What is the tens digit of 4 - (-3 + -6*v)?
1
Suppose -3*g - 19 = 26. Let z = 52 + -53. Let t = z - g. What is the units digit of t?
4
Let m = -34 - -799. What is the tens digit of m?
6
Suppose 29*v = 38*v - 1944. What is the hundreds digit of v?
2
Let q be -3*(-1)/3 + 1. Suppose -137 = -3*c + 5*r, 4*c = q*r - 4*r + 148. What is the units digit of c?
9
Let a be (2/(-3))/((-8)/456). Suppose 194 = 2*v + a. What is the tens digit of v?
7
Suppose 0*j + 35 = 5*a + j, -j = -4*a + 28. Suppose a*g + 88 = 333. What is the units digit of g?
5
Let o(c) = -17*c**2 - 15*c - 22. Let m(r) = 9*r**2 + 8*r + 11. Let i(n) = -11*m(n) - 6*o(n). What is the hundreds digit of i(7)?
1
Let u(k) = 7*k**2 + 2*k. Let g be u(-3). Suppose 83 = 4*o - f, -o - 2*o + g = f. What is the tens digit of o?
2
Let q = 115 - 99. Let f(m) = -m**3 + 19*m**2 - 35*m - 21. What is the tens digit of f(q)?
8
Let c(k) = -k**2 - 2*k + 143. Let s be c(0). Suppose 3*j = 4*o - s, 3*j = -3*o + o + 49. Let i = 46 - o. What is the units digit of i?
4
Suppose 2*d - 459 = 765. Let f be (-4)/(3/(d/(-8))). Suppose 5*o - f = 3*g, 5*o - 74 = 4*g + 32. What is the tens digit of o?
1
Suppose 7 = 8*t - 113. What is the hundreds digit of 2/t + 8765/75?
1
Suppose 0*b = 5*b - 2795. Suppose -3*r - r = 5*x - 442, 3*x - b = -5*r. What is the tens digit of r?
1
Let s be (-2)/3*(-735)/14. Suppose 0 = s*q - 31*q. Suppose -2*c - 4*x + 130 = q, 2*c + x - 3*x - 100 = 0. What is the tens digit of c?
5
Let v(g) be the third derivative of g**5/60 + g**4/4 + 5*g**3/6 + 15*g**2. What is the tens digit of v(-9)?
3
Let p be -1 + 0 + -11 + 14. Suppose -p*q + 5*r = q - 33, 0 = -2*q + 4*r + 22. Suppose i + 5 = 3*m - q, 4*i - 34 = -2*m. What is the units digit of m?
7
Let z(s) be the third derivative of -s**6/120 - s**5/20 - 5*s**4/24 - 4*s**3/3 - 9*s**2. What is the tens digit of z(-6)?
3
Let p(y) = 10*y - 37. Let f be (-1219)/(-69) + 8/6. What is the tens digit of p(f)?
5
Suppose 0 = -3*d + 21*d - 8316. What is the units digit of d?
2
Let l(r) = -r**3 - 4*r**2 - 6*r - 2. Let i be l(-4). Let c be -2 - ((-35)/5 + -13). Let q = i + c. What is the tens digit of q?
4
Let y(t) = 48*t**2 + 4*t - 7. Let a(m) = -16*m**2 - m + 2. Let b(o) = -7*a(o) - 2*y(o). What is the units digit of b(-1)?
7
Let s = 7 - 18. Let j = s + 14. Suppose -j*r - 26 = 5*v - 79, 6 = -3*v. What is the units digit of r?
1
Let b(n) = 73*n + 306. What is the units digit of b(21)?
9
Let v = 129 - 131. What is the hundreds digit of 2 + -3 - (v + -182)?
1
Suppose 2*c + 2*u - 1494 = 0, -4*c + u + 3023 = -2*u. What is the units digit of c?
2
Suppose -3*n + 7*n = 144. Suppose -2*o + n = 2*o. What is the units digit of o?
9
Suppose 0 = -3*b + 5*m + 2354 + 1641, -6649 = -5*b - m. What is the hundreds digit of b?
3
Let s = -19 + 22. Suppose 37 = -s*x + 271. What is the tens digit of (x/(-9))/(2/(-6))?
2
Suppose -3*n + 357 = 5*d, 0*n - 5*n = -4*d + 256. What is the tens digit of d?
6
Let y(a) = -a**2 - 9*a - 12. Let g be y(-5). Suppose 9*q = g*q + 267. What is the tens digit of q?
6
Suppose -16*p - 2003 = 509. What is the units digit of p/(-1) - (15 - 14)?
6
Suppose l - 5*l = -28. Let z(k) = -2. Let f(t) = 5*t + 3. Let m(c) = f(c) - z(c). What is the tens digit of m(l)?
4
Let b(m) = -3*m - 20. Let p be b(-8). Suppose -2*w + 1 = -2*g - 11, -p*g = w + 4. Suppose w = 4*t, 0 = -5*j - t + 6*t + 275. What is the tens digit of j?
5
Let b = 1685 + -1140. What is the units digit of b?
5
Let k = 41 + -48. Let m = k - -13. What is the units digit of m?
6
Let w = -312 - -412. Suppose -a = -3*a - 118. Let b = a + w. What is the units digit of b?
1
Let g(k) = k**3 + 2*k**2 + 6*k + 958. What is the tens digit of g(0)?
5
Suppose 0 = 5*l + 20, -x + 3*l = -2*x + 263. Suppose x = p + 4*p + 5*d, -3*p = -2*d - 150. What is the units digit of p?
2
What is the thousands digit of (3/5)/((-4)/(-20)) + 1120?
1
Let k(c) = -c**2 + 8*c - 8. Suppose 0 = -3*t + 9, 7*z = 2*z - 4*t + 32. What is the units digit of k(z)?
8
Suppose 105 = b + 3*y, -2*b - 5*y + 207 = -2*y. Suppose -10*c - 7*c = -b. What is the units digit of c?
6
Let d(h) = -6*h - 16. Suppose 0 = -j - 5*f - 31, 2*j - 5*f + 17 = -0*j. What is the units digit of d(j)?
0
Let z = -1083 - -1237. What is the tens digit of z?
5
Let u be (3 + -1)/((-16)/24). What is the tens digit of (u - -11)*(1 + 6)?
5
Let m = -3 + 3. Suppose 5*i = -r - 3, -2*r = -3*i - 4 - 3. Suppose r*l = 3*x + 5*l - 147, m = -l - 5. What is the units digit of x?
4
Suppose -28 + 3 = f - 5*a, -f - 4*a = -20. Suppose 4*u + 8*u - 1332 = f. What is the hundreds digit of u?
1
Suppose 10*t = 441 + 1159. Let a = -597 - -836. Let k = a - t. What is the units digit of k?
9
Let p(b) be the first derivative of -b**2 - 10*b - 4*b**2 - 3*b + 13. What is the units digit of p(-8)?
7
Suppose -4 = -2*y, -3034 = -4*q - 3*y + 4*y. Suppose 0 = 2*g + s - 507, -3*g + s = 3*s - q. What is the hundreds digit of g?
2
Let g be (70/(-4))/5*4. Let s = 47 - g. Let t = s - 12. What is the tens digit of t?
4
Let q(b) be the third derivative of 19*b**5/60 - b**4/6 - b**3/3 + 4*b**2. What is the units digit of q(-3)?
1
Let h be 4 + ((-10)/45 - 16/9). Suppose h*l - 17 - 125 = 0. What is the tens digit of l?
7
Let w(b) = 43*b - 196. What is the hundreds digit of w(9)?
1
Suppose 5*v + 180 = 9*v. What is the units digit of v?
5
Suppose -v - 3*k - 1 = 0, -11*v - 5*k = -9*v. Suppose -2*o + v*r = -87, r = -3*r - 20. What is the tens digit of o?
3
Let m(u) = -u**2 + 16*u - 16. Let s be m(12). Suppose 935 = 37*c - s*c. What is the units digit of c?
7
Suppose -13 = -2*h + 5. Suppose 10*a = h*a + 87. What is the tens digit of a?
8
Let f(u) = -8*u - 24. Let v(p) = -15*p - 47. Let x(n) = 11*f(n) - 6*v(n). What is the units digit of x(-5)?
8
Let i = -53 + -22. What is the units digit of (i/9)/(2/(-12))?
0
What is the hundreds digit of 28/308 - (-28158)/22?
2
Let g(v) = v + 18. Let x be g(-12)